ppose 0 = -v + 10. Let j = 26 - v. What is the units digit of j?
6
Let q(j) = j - 10. Let f be q(7). Let v(u) = -u**3 - u**2 - u - 5. Let i be v(0). Let c = f - i. What is the units digit of c?
2
Suppose 0 = -2*s - 4*i + 54, -2*i + 3*i = 3*s - 53. What is the units digit of s?
9
Suppose -25 = 7*v - 221. What is the tens digit of v?
2
Suppose -4*w + 3*w - j = -10, -3*j - 24 = -3*w. What is the units digit of w?
9
Suppose 2*q - 5 = 1. Let i(w) = w**3 - w**2 + w - 1. Let g(u) = -3*u**3 + 3*u**2 + 5. Let x(v) = -g(v) - 2*i(v). What is the units digit of x(q)?
9
Let z be (-1)/((5/2)/(-5)). Suppose -3*k + 35 = z*k. Suppose k - 27 = -4*l. What is the units digit of l?
5
Let t = -39 - -132. What is the units digit of t?
3
Let m(o) = -o + 1. Let t be ((4 + -3)*-10)/(-2). Let f(a) = a**2 - 6*a - 2. Let k be f(t). What is the units digit of m(k)?
8
Let f(h) = 3*h**2 - 6*h - 4. What is the units digit of f(4)?
0
Let o = 414 - 217. What is the tens digit of o?
9
Suppose 0 = -2*y - 4*u - 14, u + 8 = -3*y + 2. Let p be 2 + (y - 2) + 29. What is the units digit of 1/(-3) + p/3?
9
What is the tens digit of (4 - -4)*(-2 - -41)?
1
Let u(q) = -q**2 + 8*q - 2. Let w be u(7). Let x = -33 + 47. Suppose -k + x = -w*m, -k - 56 = -5*k - 4*m. What is the units digit of k?
4
Suppose 5*j - 365 = 350. What is the hundreds digit of j?
1
Suppose 5*j = 4*n + 41 + 83, -3*j + 70 = 2*n. What is the units digit of j?
4
Suppose t = -0 - 4. Let l = -4 + -8. What is the tens digit of t/l + 47/3?
1
Suppose -4*x + 2*n = -18, 0 = 2*x - 3*n + 5*n. Suppose -x*y = -4*y + 28. What is the tens digit of y?
2
Let q be (6/(-9))/((-3)/(-18)). Let r = q - -14. What is the tens digit of r?
1
Suppose -494 - 91 = -5*z. What is the units digit of z?
7
Suppose 4*f = -3*j + 63, 6*f - 21 = -j + f. What is the units digit of j?
1
Let x(a) = -a**3 + a**2 + a - 4. Let j be x(0). Let r(q) = -q**3 - 2*q**2 + 5*q. Let s be r(j). Suppose 2*g + g = s. What is the units digit of g?
4
Let q(m) = -3*m + 2 - 7*m + m. Let t be q(-2). Suppose t = 3*u - 5*x, 5*u - 12 = 4*x + 17. What is the units digit of u?
5
Suppose 3 = -3*o + 24. Suppose -o = -3*q + 8. What is the units digit of q?
5
Let x = 17 + -7. What is the units digit of x?
0
Let b(i) = -i**3 + 7*i**2 - 4*i - 7. Let r be b(6). Suppose -2*p = -9 - r. Let j = -1 + p. What is the units digit of j?
6
Let y(v) = -9*v**2 - v + 3. Let n(l) = -1. Let x(z) = -3*n(z) - y(z). Let f(b) = 2*b - 3. Let p be f(2). What is the units digit of x(p)?
0
Let j be (-2 - -2)/((-4)/2). Suppose j = 5*w - 4 - 36. What is the units digit of w?
8
Let z(s) = -s**3 + 5*s**2 + s - 1. Let w be z(5). Suppose -2*u = -2, -4*u - 24 = -6*y + w*y. What is the units digit of y?
4
Let g be (-2)/(-3) - 112/6. What is the units digit of 12*-3*3/g?
6
What is the units digit of (-2 + 4*1)*880/32?
5
Let w = 15 - 5. What is the tens digit of w?
1
Let s(r) = -2*r - 2*r**3 - r**3 - 3 + 15*r - 13*r**2 + 4*r**3. What is the units digit of s(12)?
9
Suppose m - 7 = c, -3*c = 2*m - 7*c - 24. Suppose q + m*q = 24. What is the units digit of q?
8
Let f be -58*((-3)/(-6) + -2). Suppose -2*a - a = 5*r - f, -4*r = -5*a - 40. What is the tens digit of r?
1
Let j(g) = 20*g + 24. Let d(r) = -7*r - 8. Let v(l) = 14*d(l) + 5*j(l). What is the tens digit of v(4)?
1
Let h(z) = -z**3 - 21*z**2 - 12*z - 28. What is the tens digit of h(-21)?
2
Suppose -3*l = 3*o, -3*o = -4*l - 6*o + 4. Suppose -5*f - 2*g + 6 = 0, -4*f + g = -7*f + l. What is the units digit of 16/10*5/f?
4
Suppose -2*p - 10*f = -8*f - 208, 2*f - 316 = -3*p. What is the tens digit of p?
0
Let a = -33 + 125. Suppose 3*s = -s + a. What is the units digit of s?
3
Let p(d) = d**2 + 6*d + 8. What is the tens digit of p(5)?
6
Let d(x) = -x**2 - 7*x - 5. Let q be d(-6). Suppose 2*u = 3*b - 11, 3*u - b - 2*b = -12. Let c = q - u. What is the units digit of c?
2
Suppose -3*x = -2*x - 39. What is the units digit of x?
9
Let f(x) = -x**2 + 10*x - 1. Let h be (6 + -7)*(0 - 8). What is the tens digit of f(h)?
1
Let b be -2 + (2 - (1 + 1)). Let v be 18/(1 + 2) + b. Suppose 38 - 8 = w + v*o, 3*w + 2*o = 40. What is the units digit of w?
0
Suppose 5*a + 76 = 3*l + 3*a, 3*a = -l + 40. What is the units digit of l?
8
Let s(x) = -45*x**3 + 1. Let g be s(1). Let i = -13 - g. What is the units digit of i?
1
Let f = 3 - 3. Let b = f + 17. What is the tens digit of b?
1
Let x be (2*-1)/(-1 - -2). Let c(b) = -3*b - 2. What is the units digit of c(x)?
4
Let h(t) = -t - 6. Let y(d) = -d**2 + 5. Let u be y(-4). What is the units digit of h(u)?
5
What is the units digit of 1/(4/240*4)?
5
Let p be (-8)/(-6)*(-216)/16. What is the units digit of (-38)/(-9) + 4/p?
4
Let q(d) = -d**3 - 13*d**2 - 7*d + 10. What is the hundreds digit of q(-14)?
3
Let i = 1 + 11. Let v(w) = w**2 - 10*w + 2. What is the units digit of v(i)?
6
Let f = -20 - -24. Suppose 0*b - f*b = -124. What is the units digit of b?
1
Let o = 30 + -6. Let b = o - 2. Suppose -b = -r + 2*l, 0*l + 45 = 5*r + 3*l. What is the units digit of r?
2
Let s be (-6)/(-2) + -13 + 10. Suppose v - 20 - 10 = s. What is the tens digit of v?
3
Let s(f) = f + 3. Let y be s(3). Suppose -y*v = -5*v - 22. Let r = v - 10. What is the tens digit of r?
1
Let l(b) = b**3 - 4*b + 3. What is the units digit of l(2)?
3
Let u(j) = j**3 + 5*j**2 + 4*j - 2. Let x be u(-4). What is the units digit of (x - -27)/((-4)/(-4))?
5
Let q = -1 + -6. Let o = q + 19. What is the units digit of o?
2
Suppose -2*j + 118 = 2*n, 4*n = 2*j - 7*j + 240. What is the tens digit of n?
5
Let q be (2/(-6))/((-5)/45). Suppose q*f = -f. Suppose f*l - l = -9. What is the units digit of l?
9
Let y(n) = n**2 - 4*n + 11. Let l be y(11). Suppose -c - 3*c = -l. What is the units digit of c?
2
Suppose -50 = -5*h + 5*x - 0*x, 2*x - 19 = -h. What is the tens digit of h?
1
Let l(u) = -u - 7*u - 1 + u - u. What is the units digit of l(-1)?
7
Suppose 4*k = 3*k + 19. What is the units digit of k?
9
Let x(n) be the second derivative of 2*n**2 - 1/2*n**4 - 2*n + 0 - 5/6*n**3 - 1/20*n**5. What is the units digit of x(-5)?
4
Let w(v) = v**3 - 16*v**2 + 4*v - 24. What is the units digit of w(16)?
0
Suppose -26 + 108 = 2*w. What is the units digit of w?
1
Let j(b) = -4*b - 25. What is the units digit of j(-10)?
5
Let t(v) = -3*v. Let g(j) = 14*j + 3. Let f(k) = -3*g(k) - 15*t(k). Let h = -13 - -20. What is the tens digit of f(h)?
1
Suppose m - 1 = g + 2, 0 = -3*m - 2*g + 34. Let z(b) = 7*b**2 + 10 + 7*b - 4*b**3 + 0*b**3 + 3*b**3. What is the units digit of z(m)?
2
Let f = -155 + 284. What is the tens digit of f?
2
What is the tens digit of (-2)/4 - 574/(-28)?
2
Suppose 2*w + 1 - 3 = 0, w = 2*n - 21. What is the tens digit of n?
1
Let c be 1 + (0 - -1) + -2. Suppose 2*k + c*k = 18. Let q = k - 3. What is the units digit of q?
6
Suppose 0 = -2*j + 4*s + s + 33, 4*j - 3*s = 31. What is the units digit of j?
4
Let o = -56 + 81. What is the units digit of o?
5
Let j = 3 - -38. Suppose -221 = -4*l + 15. Let d = l - j. What is the tens digit of d?
1
Suppose 5*h = 2*b + b + 1832, 3*b = 3*h - 1104. What is the hundreds digit of h?
3
Let c(u) = 6*u - 5. Suppose 5*l = 2*x - 23, 2 = 5*x - 2*l - 24. What is the units digit of c(x)?
9
Let m be 6 + -2 + -1 - 4. Let t = 4 + m. Suppose 34 = t*q - 5*c, -q + 2*c = -2*q - 7. What is the units digit of q?
3
Suppose 44*n = 40*n + 8. What is the units digit of n?
2
Suppose 0 = -f + 2*f - 49. What is the tens digit of f?
4
Let a(v) be the third derivative of v**5/60 - 5*v**4/12 + 3*v**3/2 - 3*v**2. What is the units digit of a(10)?
9
Suppose 3*x - x + 2*y + 10 = 0, -y = 4*x + 11. Let f be 1/x + 26/4. Let b(z) = z + 2. What is the units digit of b(f)?
8
Let p be 1/(1 + 0)*-2. What is the tens digit of 136/14 - p/7?
1
What is the tens digit of ((-72)/20)/((-6)/20)?
1
Suppose 6*w = 31 + 263. What is the tens digit of w?
4
Let n(f) = -12*f - 3. Let s be n(-3). Suppose -4*x = x - 2*z - s, 2*x - 5*z = 30. Suppose x*t - 27 = 68. What is the tens digit of t?
1
Let c be 3*-1*(-6)/9. Let w(o) = c*o + 0*o**2 + 4*o**3 - 1 + 0*o**2 - o**2. What is the units digit of w(1)?
4
Let w = 2 - -6. What is the units digit of w?
8
Let g(x) = -2*x**2 + 4*x - 4. Let f be g(3). Let d = f - -13. Let q = 6 + d. What is the units digit of q?
9
Let o(j) = -j**3 + 21*j**2 - 20*j + 24. What is the te